{"id":477,"date":"2022-11-02T13:19:36","date_gmt":"2022-11-02T13:19:36","guid":{"rendered":"http:\/\/www.rmeyersl.com\/Vitoirmen\/?page_id=477"},"modified":"2022-11-25T09:44:55","modified_gmt":"2022-11-25T09:44:55","slug":"vitolen-banda-acustica-para-tabiques-de-separacion","status":"publish","type":"page","link":"https:\/\/www.rmeyersl.com\/Vitoirmen\/vitolen-banda-acustica-para-tabiques-de-separacion\/","title":{"rendered":"VITOLEN &#8211; Banda ac\u00fastica (para tabiques de separaci\u00f3n)"},"content":{"rendered":"<div id='av_section_1'  class='avia-section av-yrwt-d5fb1f0d2635326b54b22590bdb626b0 main_color avia-section-default avia-no-border-styling  avia-builder-el-0  avia-builder-el-no-sibling  avia-bg-style-scroll container_wrap sidebar_right'  ><div class='container av-section-cont-open' ><main  role=\"main\" itemprop=\"mainContentOfPage\"  class='template-page content  av-content-small alpha units'><div class='post-entry post-entry-type-page post-entry-477'><div class='entry-content-wrapper clearfix'>\n<div class='flex_column av-av_one_full-7714eba142aeda1f8b5272a3c372b279 av_one_full  avia-builder-el-1  el_before_av_three_fifth  avia-builder-el-first  first flex_column_div '     ><style type=\"text\/css\" data-created_by=\"avia_inline_auto\" id=\"style-css-av-l9zo1um6-5f1110bef22d7f6313e52aabc65c3505\">\n#top .av-special-heading.av-l9zo1um6-5f1110bef22d7f6313e52aabc65c3505{\npadding-bottom:20px;\n}\nbody .av-special-heading.av-l9zo1um6-5f1110bef22d7f6313e52aabc65c3505 .av-special-heading-tag .heading-char{\nfont-size:25px;\n}\n.av-special-heading.av-l9zo1um6-5f1110bef22d7f6313e52aabc65c3505 .av-subheading{\nfont-size:15px;\n}\n<\/style>\n<div  class='av-special-heading av-l9zo1um6-5f1110bef22d7f6313e52aabc65c3505 av-special-heading-h1 blockquote modern-quote modern-centered  avia-builder-el-2  avia-builder-el-no-sibling '><h1 class='av-special-heading-tag'  itemprop=\"headline\"  >VITOLEN Banda ac\u00fastica (para tabiques de separaci\u00f3n)<\/h1><div class=\"special-heading-border\"><div class=\"special-heading-inner-border\"><\/div><\/div><\/div><\/div><div class='flex_column av-hk631-d6a475298ba5b5eb71ce31072949e54f av_three_fifth  avia-builder-el-3  el_after_av_one_full  el_before_av_two_fifth  first flex_column_div column-top-margin'     ><p>\n<style type=\"text\/css\" data-created_by=\"avia_inline_auto\" id=\"style-css-av-l9zo2p59-059aa559bd555440756e705410bcaed6\">\n#top .av-special-heading.av-l9zo2p59-059aa559bd555440756e705410bcaed6{\nmargin:-5px 0 0 0;\npadding-bottom:10px;\n}\nbody .av-special-heading.av-l9zo2p59-059aa559bd555440756e705410bcaed6 .av-special-heading-tag .heading-char{\nfont-size:25px;\n}\n.av-special-heading.av-l9zo2p59-059aa559bd555440756e705410bcaed6 .av-subheading{\nfont-size:15px;\n}\n<\/style>\n<div  class='av-special-heading av-l9zo2p59-059aa559bd555440756e705410bcaed6 av-special-heading-h2 blockquote modern-quote  avia-builder-el-4  el_before_av_textblock  avia-builder-el-first '><h2 class='av-special-heading-tag'  itemprop=\"headline\"  >&#8211; VITOLEN TWB 111 G B1<\/h2><div class=\"special-heading-border\"><div class=\"special-heading-inner-border\"><\/div><\/div><\/div><br \/>\n<section  class='av_textblock_section av-l9zo5r07-fdf37846f53ee53820a1089382b4f93e'  itemscope=\"itemscope\" itemtype=\"https:\/\/schema.org\/CreativeWork\" ><div class='avia_textblock'  itemprop=\"text\" ><p><strong>Aplicaci\u00f3n:<\/strong><\/p>\n<p><img loading=\"lazy\" decoding=\"async\" class=\"alignnone wp-image-755\" src=\"http:\/\/vito.ddev.site\/wp-content\/uploads\/2022\/11\/Aplicacion-Vitolen-1-221x300.jpg\" alt=\"\" width=\"190\" height=\"258\" srcset=\"https:\/\/www.rmeyersl.com\/Vitoirmen\/wp-content\/uploads\/2022\/11\/Aplicacion-Vitolen-1-221x300.jpg 221w, https:\/\/www.rmeyersl.com\/Vitoirmen\/wp-content\/uploads\/2022\/11\/Aplicacion-Vitolen-1-760x1030.jpg 760w, https:\/\/www.rmeyersl.com\/Vitoirmen\/wp-content\/uploads\/2022\/11\/Aplicacion-Vitolen-1-768x1041.jpg 768w, https:\/\/www.rmeyersl.com\/Vitoirmen\/wp-content\/uploads\/2022\/11\/Aplicacion-Vitolen-1-1133x1536.jpg 1133w, https:\/\/www.rmeyersl.com\/Vitoirmen\/wp-content\/uploads\/2022\/11\/Aplicacion-Vitolen-1-1511x2048.jpg 1511w, https:\/\/www.rmeyersl.com\/Vitoirmen\/wp-content\/uploads\/2022\/11\/Aplicacion-Vitolen-1-1106x1500.jpg 1106w, https:\/\/www.rmeyersl.com\/Vitoirmen\/wp-content\/uploads\/2022\/11\/Aplicacion-Vitolen-1-520x705.jpg 520w, https:\/\/www.rmeyersl.com\/Vitoirmen\/wp-content\/uploads\/2022\/11\/Aplicacion-Vitolen-1.jpg 1515w\" sizes=\"auto, (max-width: 190px) 100vw, 190px\" \/><\/p>\n<p>La excelente resiliencia de la espuma de polietileno proporciona sellado fiable entre diferentes elementos de construcci\u00f3n (como, por ejemplo, paredes, techos y suelos). Es una espuma de polietileno muy flexible y el\u00e1stica con c\u00e9lulas cerradas, reticulada qu\u00edmicamente, exenta de plastificante. Rollo r\u00e1pido sin protecci\u00f3n en la cara adhesiva.<\/p>\n<p>Se utiliza como cinta de acristalamiento y en general para sellar y aislar prop\u00f3sitos. Aplicaci\u00f3n r\u00e1pida sin eliminaci\u00f3n de un forro, muy buena adherencia sobre diferentes superficies, muy buen aislamiento t\u00e9rmico propiedades, la espuma de celda cerrada apenas absorbe la humedad.<\/p>\n<p><strong>Beneficios del producto<\/strong><\/p>\n<ul>\n<li>aplicaci\u00f3n r\u00e1pida sin necesidad de retirar el delineador<\/li>\n<li>se puede aplicar a baja temperatura<\/li>\n<li>la espuma de celda cerrada apenas absorbe la humedad<\/li>\n<\/ul>\n<\/div><\/section><\/p><\/div><div class='flex_column av-6nef9-759fe5001d9a85a7a044e805ac3a52f2 av_two_fifth  avia-builder-el-6  el_after_av_three_fifth  el_before_av_heading  flex_column_div column-top-margin'     ><style type=\"text\/css\" data-created_by=\"avia_inline_auto\" id=\"style-css-av-la6ucd4b-26aa69b10259fdeca3c54fc6e545348c\">\n.avia-image-container.av-la6ucd4b-26aa69b10259fdeca3c54fc6e545348c img.avia_image{\nbox-shadow:none;\n}\n.avia-image-container.av-la6ucd4b-26aa69b10259fdeca3c54fc6e545348c .av-image-caption-overlay-center{\ncolor:#ffffff;\n}\n<\/style>\n<div  class='avia-image-container av-la6ucd4b-26aa69b10259fdeca3c54fc6e545348c av-styling- avia-align-center  avia-builder-el-7  avia-builder-el-no-sibling '   itemprop=\"image\" itemscope=\"itemscope\" itemtype=\"https:\/\/schema.org\/ImageObject\" ><div class=\"avia-image-container-inner\"><div class=\"avia-image-overlay-wrap\"><img decoding=\"async\" class='wp-image-185 avia-img-lazy-loading-not-185 avia_image ' src=\"https:\/\/www.rmeyersl.com\/Vitoirmen\/wp-content\/uploads\/2022\/10\/Banda-acu\u0301stica-VITOLEN-111-TWB-50-mm-300-300x300.jpg\" alt='' title='Banda acu\u0301stica VITOLEN 111 TWB-50-mm-300'  height=\"300\" width=\"300\"  itemprop=\"thumbnailUrl\" srcset=\"https:\/\/www.rmeyersl.com\/Vitoirmen\/wp-content\/uploads\/2022\/10\/Banda-acu\u0301stica-VITOLEN-111-TWB-50-mm-300.jpg 300w, https:\/\/www.rmeyersl.com\/Vitoirmen\/wp-content\/uploads\/2022\/10\/Banda-acu\u0301stica-VITOLEN-111-TWB-50-mm-300-80x80.jpg 80w, https:\/\/www.rmeyersl.com\/Vitoirmen\/wp-content\/uploads\/2022\/10\/Banda-acu\u0301stica-VITOLEN-111-TWB-50-mm-300-36x36.jpg 36w, https:\/\/www.rmeyersl.com\/Vitoirmen\/wp-content\/uploads\/2022\/10\/Banda-acu\u0301stica-VITOLEN-111-TWB-50-mm-300-180x180.jpg 180w\" sizes=\"(max-width: 300px) 100vw, 300px\" \/><\/div><\/div><\/div><\/div>\n<style type=\"text\/css\" data-created_by=\"avia_inline_auto\" id=\"style-css-av-l9zoa55s-5edb5a258cc730e44a58b12d9bcdfe41\">\n#top .av-special-heading.av-l9zoa55s-5edb5a258cc730e44a58b12d9bcdfe41{\npadding-bottom:10px;\n}\nbody .av-special-heading.av-l9zoa55s-5edb5a258cc730e44a58b12d9bcdfe41 .av-special-heading-tag .heading-char{\nfont-size:25px;\n}\n.av-special-heading.av-l9zoa55s-5edb5a258cc730e44a58b12d9bcdfe41 .av-subheading{\nfont-size:15px;\n}\n<\/style>\n<div  class='av-special-heading av-l9zoa55s-5edb5a258cc730e44a58b12d9bcdfe41 av-special-heading-h2 blockquote modern-quote  avia-builder-el-8  el_after_av_two_fifth  el_before_av_textblock '><h2 class='av-special-heading-tag'  itemprop=\"headline\"  >&#8211; VITOLEN 120 H TWB DSK (Doble cara)<\/h2><div class=\"special-heading-border\"><div class=\"special-heading-inner-border\"><\/div><\/div><\/div>\n<section  class='av_textblock_section av-l9zoaika-f0b5696654dd5b77e9d3ff00289ff832'  itemscope=\"itemscope\" itemtype=\"https:\/\/schema.org\/CreativeWork\" ><div class='avia_textblock'  itemprop=\"text\" ><p><strong>Aplicaci\u00f3n:<\/strong><\/p>\n<p><img loading=\"lazy\" decoding=\"async\" class=\"alignnone  wp-image-756\" src=\"http:\/\/www.rmeyersl.com\/Vitoirmen\/wp-content\/uploads\/2022\/11\/Aplicacion-Vitolen-2-169x300.jpg\" alt=\"\" width=\"140\" height=\"249\" srcset=\"https:\/\/www.rmeyersl.com\/Vitoirmen\/wp-content\/uploads\/2022\/11\/Aplicacion-Vitolen-2-169x300.jpg 169w, https:\/\/www.rmeyersl.com\/Vitoirmen\/wp-content\/uploads\/2022\/11\/Aplicacion-Vitolen-2-581x1030.jpg 581w, https:\/\/www.rmeyersl.com\/Vitoirmen\/wp-content\/uploads\/2022\/11\/Aplicacion-Vitolen-2-768x1361.jpg 768w, https:\/\/www.rmeyersl.com\/Vitoirmen\/wp-content\/uploads\/2022\/11\/Aplicacion-Vitolen-2-867x1536.jpg 867w, https:\/\/www.rmeyersl.com\/Vitoirmen\/wp-content\/uploads\/2022\/11\/Aplicacion-Vitolen-2-1155x2048.jpg 1155w, https:\/\/www.rmeyersl.com\/Vitoirmen\/wp-content\/uploads\/2022\/11\/Aplicacion-Vitolen-2-846x1500.jpg 846w, https:\/\/www.rmeyersl.com\/Vitoirmen\/wp-content\/uploads\/2022\/11\/Aplicacion-Vitolen-2-398x705.jpg 398w, https:\/\/www.rmeyersl.com\/Vitoirmen\/wp-content\/uploads\/2022\/11\/Aplicacion-Vitolen-2-scaled.jpg 1444w\" sizes=\"auto, (max-width: 140px) 100vw, 140px\" \/><\/p>\n<p><span style=\"font-weight: 400;\">Ambos lados de la cinta est\u00e1n recubiertos con una capa adhesiva en toda la superficie. Esta cinta es especialmente adecuada como una ayuda de montaje para la fijaci\u00f3n de perfiles de techo y se puede aplicar en todos los casos en los que se requiere una uni\u00f3n antes de la fijaci\u00f3n definitiva.<\/span><\/p>\n<\/div><\/section>\n\n<style type=\"text\/css\" data-created_by=\"avia_inline_auto\" id=\"style-css-av-l9zo99ws-df26246e69f2cb44eae84d5b19c47e91\">\n#top .av-special-heading.av-l9zo99ws-df26246e69f2cb44eae84d5b19c47e91{\npadding-bottom:10px;\n}\nbody .av-special-heading.av-l9zo99ws-df26246e69f2cb44eae84d5b19c47e91 .av-special-heading-tag .heading-char{\nfont-size:25px;\n}\n.av-special-heading.av-l9zo99ws-df26246e69f2cb44eae84d5b19c47e91 .av-subheading{\nfont-size:15px;\n}\n<\/style>\n<div  class='av-special-heading av-l9zo99ws-df26246e69f2cb44eae84d5b19c47e91 av-special-heading-h2 blockquote modern-quote  avia-builder-el-10  el_after_av_textblock  el_before_av_textblock '><h2 class='av-special-heading-tag'  itemprop=\"headline\"  >&#8211; VITOLEN 120 TWB B1<\/h2><div class=\"special-heading-border\"><div class=\"special-heading-inner-border\"><\/div><\/div><\/div>\n<section  class='av_textblock_section av-l9zo9oli-a0eeeb8e2aaad2f8876d489e9cba0368'  itemscope=\"itemscope\" itemtype=\"https:\/\/schema.org\/CreativeWork\" ><div class='avia_textblock'  itemprop=\"text\" ><p><span style=\"font-weight: 400;\">La capa adhesiva del producto est\u00e1 protegida por un cubierta de pel\u00edcula de polietileno. La cubierta protectora es retirado al aplicar la cinta de tabique, para eliminar, antes del montaje, cualquier contaminaci\u00f3n del adhesivo.<\/span><\/p>\n<\/div><\/section>\n<div class='flex_column av-av_one_half-7714eba142aeda1f8b5272a3c372b279 av_one_half  avia-builder-el-12  el_after_av_textblock  el_before_av_button  first flex_column_div column-top-margin'     ><section  class='av_textblock_section av-lawb37kp-3067e39be3b26f849717ee09593cd915'  itemscope=\"itemscope\" itemtype=\"https:\/\/schema.org\/CreativeWork\" ><div class='avia_textblock'  itemprop=\"text\" ><p><strong>Medidas VITOLEN:<\/strong><\/p>\n<table style=\"height: 357px;\" width=\"1072\">\n<tbody>\n<tr>\n<td style=\"text-align: center;\"><b>Ancho\u00a0<\/b><\/td>\n<td style=\"text-align: center;\"><b>N\u00ba de rollos <\/b><b>por unidad de despacho\u00a0<\/b><\/td>\n<td style=\"text-align: center;\"><b>Espesor\u00a0<\/b><\/td>\n<td style=\"text-align: center;\"><b>Longitud de rollos<\/b><\/td>\n<td><b>Color<\/b><\/td>\n<\/tr>\n<tr>\n<td style=\"text-align: center;\"><span style=\"font-weight: 400;\">30 mm<\/span><\/td>\n<td style=\"text-align: center;\"><span style=\"font-weight: 400;\">35<\/span><\/td>\n<td style=\"text-align: center;\"><span style=\"font-weight: 400;\">3mm<\/span><\/td>\n<td style=\"text-align: center;\"><span style=\"font-weight: 400;\">30m<\/span><\/td>\n<td style=\"text-align: center;\"><span style=\"font-weight: 400;\">Negro<\/span><\/td>\n<\/tr>\n<tr>\n<td style=\"text-align: center;\"><span style=\"font-weight: 400;\">45 mm<\/span><\/td>\n<td style=\"text-align: center;\"><span style=\"font-weight: 400;\">23<\/span><\/td>\n<td><span style=\"font-weight: 400;\">\u00a0<\/span><\/td>\n<td><span style=\"font-weight: 400;\">\u00a0<\/span><\/td>\n<td><span style=\"font-weight: 400;\">\u00a0<\/span><\/td>\n<\/tr>\n<tr>\n<td style=\"text-align: center;\"><span style=\"font-weight: 400;\">50 mm<\/span><\/td>\n<td style=\"text-align: center;\"><span style=\"font-weight: 400;\">21<\/span><\/td>\n<td><span style=\"font-weight: 400;\">\u00a0<\/span><\/td>\n<td><span style=\"font-weight: 400;\">\u00a0<\/span><\/td>\n<td><span style=\"font-weight: 400;\">\u00a0<\/span><\/td>\n<\/tr>\n<tr>\n<td style=\"text-align: center;\"><span style=\"font-weight: 400;\">70 mm<\/span><\/td>\n<td style=\"text-align: center;\"><span style=\"font-weight: 400;\">15<\/span><\/td>\n<td><span style=\"font-weight: 400;\">\u00a0<\/span><\/td>\n<td><span style=\"font-weight: 400;\">\u00a0<\/span><\/td>\n<td><span style=\"font-weight: 400;\">\u00a0<\/span><\/td>\n<\/tr>\n<tr>\n<td style=\"text-align: center;\"><span style=\"font-weight: 400;\">75 mm<\/span><\/td>\n<td style=\"text-align: center;\"><span style=\"font-weight: 400;\">14<\/span><\/td>\n<td><span style=\"font-weight: 400;\">\u00a0<\/span><\/td>\n<td><span style=\"font-weight: 400;\">\u00a0<\/span><\/td>\n<td><span style=\"font-weight: 400;\">\u00a0<\/span><\/td>\n<\/tr>\n<tr>\n<td style=\"text-align: center;\"><span style=\"font-weight: 400;\">95 mm<\/span><\/td>\n<td style=\"text-align: center;\"><span style=\"font-weight: 400;\">11<\/span><\/td>\n<td><span style=\"font-weight: 400;\">\u00a0<\/span><\/td>\n<td><span style=\"font-weight: 400;\">\u00a0<\/span><\/td>\n<td><span style=\"font-weight: 400;\">\u00a0<\/span><\/td>\n<\/tr>\n<tr>\n<td style=\"text-align: center;\"><span style=\"font-weight: 400;\">100 mm<\/span><\/td>\n<td style=\"text-align: center;\"><span style=\"font-weight: 400;\">10<\/span><\/td>\n<td><span style=\"font-weight: 400;\">\u00a0<\/span><\/td>\n<td><span style=\"font-weight: 400;\">\u00a0<\/span><\/td>\n<td><span style=\"font-weight: 400;\">\u00a0<\/span><\/td>\n<\/tr>\n<\/tbody>\n<\/table>\n<p>*Otras medidas a pedido<\/p>\n<\/div><\/section><\/div><div  class='avia-button-wrap av-l9zobhv5-6b5fb4179d320a654990518a802b6196-wrap avia-button-center  avia-builder-el-14  el_after_av_one_half  avia-builder-el-last '><a href='https:\/\/www.vito-irmen.de\/produkte\/bau\/?lang=en' class='avia-button av-l9zobhv5-6b5fb4179d320a654990518a802b6196 avia-icon_select-no avia-size-large avia-position-center avia-color-theme-color' target=\"_blank\" rel=\"noopener noreferrer\"><span class='avia_iconbox_title' >M\u00e1s informaci\u00f3n<\/span><\/a><\/div>\n<\/div><\/div><\/main><!-- close content main element --><\/div><\/div><div id='after_section_1'  class='main_color av_default_container_wrap container_wrap sidebar_right'  ><div class='container av-section-cont-open' ><div class='template-page content  av-content-small alpha units'><div class='post-entry post-entry-type-page post-entry-477'><div class='entry-content-wrapper clearfix'>\n","protected":false},"excerpt":{"rendered":"","protected":false},"author":1,"featured_media":0,"parent":0,"menu_order":0,"comment_status":"closed","ping_status":"closed","template":"","meta":{"footnotes":""},"class_list":["post-477","page","type-page","status-publish","hentry"],"yoast_head":"<!-- This site is optimized with the Yoast SEO plugin v19.10 - https:\/\/yoast.com\/wordpress\/plugins\/seo\/ -->\n<title>VITOLEN - Banda ac\u00fastica (para tabiques de separaci\u00f3n) - Vito de R.Meyer<\/title>\n<meta name=\"robots\" content=\"index, follow, max-snippet:-1, max-image-preview:large, max-video-preview:-1\" \/>\n<link rel=\"canonical\" href=\"https:\/\/www.rmeyersl.com\/Vitoirmen\/vitolen-banda-acustica-para-tabiques-de-separacion\/\" \/>\n<meta property=\"og:locale\" content=\"es_ES\" \/>\n<meta property=\"og:type\" content=\"article\" \/>\n<meta property=\"og:title\" content=\"VITOLEN - Banda ac\u00fastica (para tabiques de separaci\u00f3n) - Vito de R.Meyer\" \/>\n<meta property=\"og:url\" content=\"https:\/\/www.rmeyersl.com\/Vitoirmen\/vitolen-banda-acustica-para-tabiques-de-separacion\/\" \/>\n<meta property=\"og:site_name\" content=\"Vito de R.Meyer\" \/>\n<meta property=\"article:modified_time\" content=\"2022-11-25T09:44:55+00:00\" \/>\n<meta property=\"og:image\" content=\"http:\/\/vito.ddev.site\/wp-content\/uploads\/2022\/11\/Aplicacion-Vitolen-1-221x300.jpg\" \/>\n<meta name=\"twitter:card\" content=\"summary_large_image\" \/>\n<meta name=\"twitter:label1\" content=\"Tiempo de lectura\" \/>\n\t<meta name=\"twitter:data1\" content=\"7 minutos\" \/>\n<script type=\"application\/ld+json\" class=\"yoast-schema-graph\">{\"@context\":\"https:\/\/schema.org\",\"@graph\":[{\"@type\":\"WebPage\",\"@id\":\"https:\/\/www.rmeyersl.com\/Vitoirmen\/vitolen-banda-acustica-para-tabiques-de-separacion\/\",\"url\":\"https:\/\/www.rmeyersl.com\/Vitoirmen\/vitolen-banda-acustica-para-tabiques-de-separacion\/\",\"name\":\"VITOLEN - Banda ac\u00fastica (para tabiques de separaci\u00f3n) - Vito de R.Meyer\",\"isPartOf\":{\"@id\":\"http:\/\/www.rmeyersl.com\/Vitoirmen\/#website\"},\"datePublished\":\"2022-11-02T13:19:36+00:00\",\"dateModified\":\"2022-11-25T09:44:55+00:00\",\"breadcrumb\":{\"@id\":\"https:\/\/www.rmeyersl.com\/Vitoirmen\/vitolen-banda-acustica-para-tabiques-de-separacion\/#breadcrumb\"},\"inLanguage\":\"es\",\"potentialAction\":[{\"@type\":\"ReadAction\",\"target\":[\"https:\/\/www.rmeyersl.com\/Vitoirmen\/vitolen-banda-acustica-para-tabiques-de-separacion\/\"]}]},{\"@type\":\"BreadcrumbList\",\"@id\":\"https:\/\/www.rmeyersl.com\/Vitoirmen\/vitolen-banda-acustica-para-tabiques-de-separacion\/#breadcrumb\",\"itemListElement\":[{\"@type\":\"ListItem\",\"position\":1,\"name\":\"Portada\",\"item\":\"http:\/\/www.rmeyersl.com\/Vitoirmen\/\"},{\"@type\":\"ListItem\",\"position\":2,\"name\":\"VITOLEN &#8211; Banda ac\u00fastica (para tabiques de separaci\u00f3n)\"}]},{\"@type\":\"WebSite\",\"@id\":\"http:\/\/www.rmeyersl.com\/Vitoirmen\/#website\",\"url\":\"http:\/\/www.rmeyersl.com\/Vitoirmen\/\",\"name\":\"Vito de R.Meyer\",\"description\":\"Encuentra productos VITO para los sectores de energ\u00edas renovables, construcci\u00f3n, industria, automoci\u00f3n, medicina y vidrio\",\"potentialAction\":[{\"@type\":\"SearchAction\",\"target\":{\"@type\":\"EntryPoint\",\"urlTemplate\":\"http:\/\/www.rmeyersl.com\/Vitoirmen\/?s={search_term_string}\"},\"query-input\":\"required name=search_term_string\"}],\"inLanguage\":\"es\"}]}<\/script>\n<!-- \/ Yoast SEO plugin. -->","yoast_head_json":{"title":"VITOLEN - Banda ac\u00fastica (para tabiques de separaci\u00f3n) - Vito de R.Meyer","robots":{"index":"index","follow":"follow","max-snippet":"max-snippet:-1","max-image-preview":"max-image-preview:large","max-video-preview":"max-video-preview:-1"},"canonical":"https:\/\/www.rmeyersl.com\/Vitoirmen\/vitolen-banda-acustica-para-tabiques-de-separacion\/","og_locale":"es_ES","og_type":"article","og_title":"VITOLEN - Banda ac\u00fastica (para tabiques de separaci\u00f3n) - Vito de R.Meyer","og_url":"https:\/\/www.rmeyersl.com\/Vitoirmen\/vitolen-banda-acustica-para-tabiques-de-separacion\/","og_site_name":"Vito de R.Meyer","article_modified_time":"2022-11-25T09:44:55+00:00","og_image":[{"url":"http:\/\/vito.ddev.site\/wp-content\/uploads\/2022\/11\/Aplicacion-Vitolen-1-221x300.jpg"}],"twitter_card":"summary_large_image","twitter_misc":{"Tiempo de lectura":"7 minutos"},"schema":{"@context":"https:\/\/schema.org","@graph":[{"@type":"WebPage","@id":"https:\/\/www.rmeyersl.com\/Vitoirmen\/vitolen-banda-acustica-para-tabiques-de-separacion\/","url":"https:\/\/www.rmeyersl.com\/Vitoirmen\/vitolen-banda-acustica-para-tabiques-de-separacion\/","name":"VITOLEN - Banda ac\u00fastica (para tabiques de separaci\u00f3n) - Vito de R.Meyer","isPartOf":{"@id":"http:\/\/www.rmeyersl.com\/Vitoirmen\/#website"},"datePublished":"2022-11-02T13:19:36+00:00","dateModified":"2022-11-25T09:44:55+00:00","breadcrumb":{"@id":"https:\/\/www.rmeyersl.com\/Vitoirmen\/vitolen-banda-acustica-para-tabiques-de-separacion\/#breadcrumb"},"inLanguage":"es","potentialAction":[{"@type":"ReadAction","target":["https:\/\/www.rmeyersl.com\/Vitoirmen\/vitolen-banda-acustica-para-tabiques-de-separacion\/"]}]},{"@type":"BreadcrumbList","@id":"https:\/\/www.rmeyersl.com\/Vitoirmen\/vitolen-banda-acustica-para-tabiques-de-separacion\/#breadcrumb","itemListElement":[{"@type":"ListItem","position":1,"name":"Portada","item":"http:\/\/www.rmeyersl.com\/Vitoirmen\/"},{"@type":"ListItem","position":2,"name":"VITOLEN &#8211; Banda ac\u00fastica (para tabiques de separaci\u00f3n)"}]},{"@type":"WebSite","@id":"http:\/\/www.rmeyersl.com\/Vitoirmen\/#website","url":"http:\/\/www.rmeyersl.com\/Vitoirmen\/","name":"Vito de R.Meyer","description":"Encuentra productos VITO para los sectores de energ\u00edas renovables, construcci\u00f3n, industria, automoci\u00f3n, medicina y vidrio","potentialAction":[{"@type":"SearchAction","target":{"@type":"EntryPoint","urlTemplate":"http:\/\/www.rmeyersl.com\/Vitoirmen\/?s={search_term_string}"},"query-input":"required name=search_term_string"}],"inLanguage":"es"}]}},"_links":{"self":[{"href":"https:\/\/www.rmeyersl.com\/Vitoirmen\/wp-json\/wp\/v2\/pages\/477","targetHints":{"allow":["GET"]}}],"collection":[{"href":"https:\/\/www.rmeyersl.com\/Vitoirmen\/wp-json\/wp\/v2\/pages"}],"about":[{"href":"https:\/\/www.rmeyersl.com\/Vitoirmen\/wp-json\/wp\/v2\/types\/page"}],"author":[{"embeddable":true,"href":"https:\/\/www.rmeyersl.com\/Vitoirmen\/wp-json\/wp\/v2\/users\/1"}],"replies":[{"embeddable":true,"href":"https:\/\/www.rmeyersl.com\/Vitoirmen\/wp-json\/wp\/v2\/comments?post=477"}],"version-history":[{"count":22,"href":"https:\/\/www.rmeyersl.com\/Vitoirmen\/wp-json\/wp\/v2\/pages\/477\/revisions"}],"predecessor-version":[{"id":1334,"href":"https:\/\/www.rmeyersl.com\/Vitoirmen\/wp-json\/wp\/v2\/pages\/477\/revisions\/1334"}],"wp:attachment":[{"href":"https:\/\/www.rmeyersl.com\/Vitoirmen\/wp-json\/wp\/v2\/media?parent=477"}],"curies":[{"name":"wp","href":"https:\/\/api.w.org\/{rel}","templated":true}]}}