{"id":399,"date":"2022-10-31T13:42:22","date_gmt":"2022-10-31T13:42:22","guid":{"rendered":"http:\/\/www.rmeyersl.com\/Vitoirmen\/?page_id=399"},"modified":"2022-11-08T13:45:45","modified_gmt":"2022-11-08T13:45:45","slug":"vitoflex-cm-l","status":"publish","type":"page","link":"https:\/\/www.rmeyersl.com\/Vitoirmen\/industria\/vitoflex-cm-l\/","title":{"rendered":"VITOFLEX CM-L"},"content":{"rendered":"<div id='av_section_1'  class='avia-section av-9klef-50680c00041d1c80165966d7dfade9aa main_color avia-section-default avia-no-border-styling  avia-builder-el-0  avia-builder-el-no-sibling  avia-bg-style-scroll container_wrap sidebar_right'  ><div class='container av-section-cont-open' ><main  role=\"main\" itemprop=\"mainContentOfPage\"  class='template-page content  av-content-small alpha units'><div class='post-entry post-entry-type-page post-entry-399'><div class='entry-content-wrapper clearfix'>\n<div class='flex_column av-hfx8v-2de773ad5b967169dbf162e94b12b30f av_three_fifth  avia-builder-el-1  el_before_av_two_fifth  avia-builder-el-first  first flex_column_div '     ><p>\n<style type=\"text\/css\" data-created_by=\"avia_inline_auto\" id=\"style-css-av-l9wtzee0-89836560a33f138a3c3340d63fc5eaa3\">\n#top .av-special-heading.av-l9wtzee0-89836560a33f138a3c3340d63fc5eaa3{\npadding-bottom:10px;\n}\nbody .av-special-heading.av-l9wtzee0-89836560a33f138a3c3340d63fc5eaa3 .av-special-heading-tag .heading-char{\nfont-size:25px;\n}\n.av-special-heading.av-l9wtzee0-89836560a33f138a3c3340d63fc5eaa3 .av-subheading{\nfont-size:15px;\n}\n<\/style>\n<div  class='av-special-heading av-l9wtzee0-89836560a33f138a3c3340d63fc5eaa3 av-special-heading-h1 blockquote modern-quote  avia-builder-el-2  el_before_av_textblock  avia-builder-el-first '><h1 class='av-special-heading-tag'  itemprop=\"headline\"  >VITOFLEX CM-L<\/h1><div class=\"special-heading-border\"><div class=\"special-heading-inner-border\"><\/div><\/div><\/div><br \/>\n<section  class='av_textblock_section av-l9wu09se-c57599b9a1354276ec8ff6a25f6341d3'  itemscope=\"itemscope\" itemtype=\"https:\/\/schema.org\/CreativeWork\" ><div class='avia_textblock'  itemprop=\"text\" ><table>\n<tbody>\n<tr>\n<td style=\"border: 0px;\"><img loading=\"lazy\" decoding=\"async\" class=\"alignnone size-medium wp-image-812\" src=\"http:\/\/vito.ddev.site\/wp-content\/uploads\/2022\/11\/Aplicacion-Vitoflex-2-300x300.jpeg\" alt=\"\" width=\"300\" height=\"300\" srcset=\"https:\/\/www.rmeyersl.com\/Vitoirmen\/wp-content\/uploads\/2022\/11\/Aplicacion-Vitoflex-2-300x300.jpeg 300w, https:\/\/www.rmeyersl.com\/Vitoirmen\/wp-content\/uploads\/2022\/11\/Aplicacion-Vitoflex-2-1025x1030.jpeg 1025w, https:\/\/www.rmeyersl.com\/Vitoirmen\/wp-content\/uploads\/2022\/11\/Aplicacion-Vitoflex-2-80x80.jpeg 80w, https:\/\/www.rmeyersl.com\/Vitoirmen\/wp-content\/uploads\/2022\/11\/Aplicacion-Vitoflex-2-768x771.jpeg 768w, https:\/\/www.rmeyersl.com\/Vitoirmen\/wp-content\/uploads\/2022\/11\/Aplicacion-Vitoflex-2-1529x1536.jpeg 1529w, https:\/\/www.rmeyersl.com\/Vitoirmen\/wp-content\/uploads\/2022\/11\/Aplicacion-Vitoflex-2-2039x2048.jpeg 2039w, https:\/\/www.rmeyersl.com\/Vitoirmen\/wp-content\/uploads\/2022\/11\/Aplicacion-Vitoflex-2-36x36.jpeg 36w, https:\/\/www.rmeyersl.com\/Vitoirmen\/wp-content\/uploads\/2022\/11\/Aplicacion-Vitoflex-2-180x180.jpeg 180w, https:\/\/www.rmeyersl.com\/Vitoirmen\/wp-content\/uploads\/2022\/11\/Aplicacion-Vitoflex-2-1493x1500.jpeg 1493w, https:\/\/www.rmeyersl.com\/Vitoirmen\/wp-content\/uploads\/2022\/11\/Aplicacion-Vitoflex-2-702x705.jpeg 702w\" sizes=\"auto, (max-width: 300px) 100vw, 300px\" \/><\/td>\n<td style=\"border: 0px;\"><img loading=\"lazy\" decoding=\"async\" class=\"size-medium wp-image-814\" src=\"http:\/\/vito.ddev.site\/wp-content\/uploads\/2022\/11\/Aplicacion-Vitoflex-CM-L-300-300x300.jpeg\" alt=\"\" width=\"300\" height=\"300\" srcset=\"https:\/\/www.rmeyersl.com\/Vitoirmen\/wp-content\/uploads\/2022\/11\/Aplicacion-Vitoflex-CM-L-300.jpeg 300w, https:\/\/www.rmeyersl.com\/Vitoirmen\/wp-content\/uploads\/2022\/11\/Aplicacion-Vitoflex-CM-L-300-80x80.jpeg 80w, https:\/\/www.rmeyersl.com\/Vitoirmen\/wp-content\/uploads\/2022\/11\/Aplicacion-Vitoflex-CM-L-300-36x36.jpeg 36w, https:\/\/www.rmeyersl.com\/Vitoirmen\/wp-content\/uploads\/2022\/11\/Aplicacion-Vitoflex-CM-L-300-180x180.jpeg 180w\" sizes=\"auto, (max-width: 300px) 100vw, 300px\" \/><\/td>\n<\/tr>\n<\/tbody>\n<\/table>\n<p><span style=\"font-weight: 400;\">Se utiliza para proteger, amortiguar, aislar y sellar. El producto es un caucho de espuma blanda de celda cerrada a base de caucho de etileno-propileno-dieno (EPDM) provisto de autoadhesivo en una cara.<\/span><\/p>\n<ul>\n<li><span style=\"font-weight: 400;\"> muy buena resistencia al envejecimiento y al ozono<\/span><\/li>\n<li><span style=\"font-weight: 400;\"> buena resistencia a los productos qu\u00edmicos<\/span><\/li>\n<li><span style=\"font-weight: 400;\"> herm\u00e9tico al agua debido a la estructura de celda cerrada<\/span><\/li>\n<li><span style=\"font-weight: 400;\"> excelente resistencia a la intemperie<\/span><\/li>\n<li><span style=\"font-weight: 400;\"> resistencia a altas temperaturas (-40\u00b0C a 120\u00b0C)<\/span><\/li>\n<li><span style=\"font-weight: 400;\"> buena adaptabilidad<\/span><\/li>\n<\/ul>\n<p><span style=\"font-weight: 400;\">Estas caracter\u00edsticas permiten por ejemplo la aplicaci\u00f3n como sellador en el aire acondicionado y ventilaci\u00f3n sector, aislamiento para unidades de aire acondicionado y absorci\u00f3n de choques<\/span><\/p>\n<p><span style=\"font-weight: 400;\">VITOFEX CM-L es un autoadhesivo unilateral, flexible caucho celular con estructura de celda cerrada, a base de EPDM (Caucho de etileno propileno dieno). es resistente contra muchos \u00e1cidos y \u00e1lcalis en concentraciones habituales, agua y vapor de agua hasta 100\u00b0C, agua de mar, compuestos de potasio y sodio (por ejemplo, soluci\u00f3n salina), alumbre en soluci\u00f3n acuosa, limpieza fotoqu\u00edmicos, amon\u00edaco fr\u00edo, acetileno, alcoholes, glicerina, l\u00edquidos de frenos y l\u00edquidos anticongelantes a base de glicol, \u00e1cido carb\u00f3nico, ozono, aceite de silicona y grasa, cloruro de cal en soluci\u00f3n acuosa, h\u00famedo y gas de cloro seco, amon\u00edaco caliente y \u00e1cido clorh\u00eddrico.<\/span><\/p>\n<p><b>Beneficios del producto<\/b><\/p>\n<ul>\n<li style=\"font-weight: 400;\" aria-level=\"1\"><span style=\"font-weight: 400;\">Muy buena resistencia al envejecimiento, a la intemperie y al ozono<\/span><\/li>\n<li style=\"font-weight: 400;\" aria-level=\"1\"><span style=\"font-weight: 400;\">Resistencia a altas temperaturas<\/span><\/li>\n<li style=\"font-weight: 400;\" aria-level=\"1\"><span style=\"font-weight: 400;\">Buena adaptabilidad<\/span><\/li>\n<\/ul>\n<\/div><\/section><\/p><\/div><div class='flex_column av-70y0n-4378f0b53126dadfbad8b544a664da44 av_two_fifth  avia-builder-el-4  el_after_av_three_fifth  el_before_av_button  flex_column_div '     ><style type=\"text\/css\" data-created_by=\"avia_inline_auto\" id=\"style-css-av-la6zsl27-8ef57c5f7ba4ad079aceb79b8d467fba\">\n.avia-image-container.av-la6zsl27-8ef57c5f7ba4ad079aceb79b8d467fba img.avia_image{\nbox-shadow:none;\n}\n.avia-image-container.av-la6zsl27-8ef57c5f7ba4ad079aceb79b8d467fba .av-image-caption-overlay-center{\ncolor:#ffffff;\n}\n<\/style>\n<div  class='avia-image-container av-la6zsl27-8ef57c5f7ba4ad079aceb79b8d467fba av-styling- avia-align-center  avia-builder-el-5  avia-builder-el-no-sibling '   itemprop=\"image\" itemscope=\"itemscope\" itemtype=\"https:\/\/schema.org\/ImageObject\" ><div class=\"avia-image-container-inner\"><div class=\"avia-image-overlay-wrap\"><img decoding=\"async\" class='wp-image-607 avia-img-lazy-loading-not-607 avia_image ' src=\"https:\/\/www.rmeyersl.com\/Vitoirmen\/wp-content\/uploads\/2022\/11\/Cinta-autoadhesiva-de-una-cara-de-EPDM-Vitoflex_CM-L-300-300x300.jpg\" alt='' title='Cinta autoadhesiva de una cara de EPDM Vitoflex_CM-L-300'  height=\"300\" width=\"300\"  itemprop=\"thumbnailUrl\" srcset=\"https:\/\/www.rmeyersl.com\/Vitoirmen\/wp-content\/uploads\/2022\/11\/Cinta-autoadhesiva-de-una-cara-de-EPDM-Vitoflex_CM-L-300.jpg 300w, https:\/\/www.rmeyersl.com\/Vitoirmen\/wp-content\/uploads\/2022\/11\/Cinta-autoadhesiva-de-una-cara-de-EPDM-Vitoflex_CM-L-300-80x80.jpg 80w, https:\/\/www.rmeyersl.com\/Vitoirmen\/wp-content\/uploads\/2022\/11\/Cinta-autoadhesiva-de-una-cara-de-EPDM-Vitoflex_CM-L-300-36x36.jpg 36w, https:\/\/www.rmeyersl.com\/Vitoirmen\/wp-content\/uploads\/2022\/11\/Cinta-autoadhesiva-de-una-cara-de-EPDM-Vitoflex_CM-L-300-180x180.jpg 180w\" sizes=\"(max-width: 300px) 100vw, 300px\" \/><\/div><\/div><\/div><\/div><div  class='avia-button-wrap av-l9wu1726-0a1319515dca74515f3b0bc9c87c96b8-wrap avia-button-center  avia-builder-el-6  el_after_av_two_fifth  avia-builder-el-last '><a href='https:\/\/www.vito-irmen.de\/produkte\/industrie\/vitoflex-cm-l\/?lang=en' class='avia-button av-l9wu1726-0a1319515dca74515f3b0bc9c87c96b8 avia-icon_select-no avia-size-large avia-position-center avia-color-theme-color' target=\"_blank\" rel=\"noopener noreferrer\"><span class='avia_iconbox_title' >M\u00e1s informaci\u00f3n<\/span><\/a><\/div>\n<\/div><\/div><\/main><!-- close content main element --><\/div><\/div><div id='after_section_1'  class='main_color av_default_container_wrap container_wrap sidebar_right'  ><div class='container av-section-cont-open' ><div class='template-page content  av-content-small alpha units'><div class='post-entry post-entry-type-page post-entry-399'><div class='entry-content-wrapper clearfix'>\n","protected":false},"excerpt":{"rendered":"","protected":false},"author":1,"featured_media":0,"parent":253,"menu_order":0,"comment_status":"closed","ping_status":"closed","template":"","meta":{"footnotes":""},"class_list":["post-399","page","type-page","status-publish","hentry"],"yoast_head":"<!-- This site is optimized with the Yoast SEO plugin v19.10 - https:\/\/yoast.com\/wordpress\/plugins\/seo\/ -->\n<title>VITOFLEX CM-L - Vito de R.Meyer<\/title>\n<meta name=\"robots\" content=\"index, follow, max-snippet:-1, max-image-preview:large, max-video-preview:-1\" \/>\n<link rel=\"canonical\" href=\"https:\/\/www.rmeyersl.com\/Vitoirmen\/industria\/vitoflex-cm-l\/\" \/>\n<meta property=\"og:locale\" content=\"es_ES\" \/>\n<meta property=\"og:type\" content=\"article\" \/>\n<meta property=\"og:title\" content=\"VITOFLEX CM-L - Vito de R.Meyer\" \/>\n<meta property=\"og:url\" content=\"https:\/\/www.rmeyersl.com\/Vitoirmen\/industria\/vitoflex-cm-l\/\" \/>\n<meta property=\"og:site_name\" content=\"Vito de R.Meyer\" \/>\n<meta property=\"article:modified_time\" content=\"2022-11-08T13:45:45+00:00\" \/>\n<meta property=\"og:image\" content=\"http:\/\/vito.ddev.site\/wp-content\/uploads\/2022\/11\/Aplicacion-Vitoflex-2-300x300.jpeg\" \/>\n<meta name=\"twitter:card\" content=\"summary_large_image\" \/>\n<meta name=\"twitter:label1\" content=\"Tiempo de lectura\" \/>\n\t<meta name=\"twitter:data1\" content=\"11 minutos\" \/>\n<script type=\"application\/ld+json\" class=\"yoast-schema-graph\">{\"@context\":\"https:\/\/schema.org\",\"@graph\":[{\"@type\":\"WebPage\",\"@id\":\"https:\/\/www.rmeyersl.com\/Vitoirmen\/industria\/vitoflex-cm-l\/\",\"url\":\"https:\/\/www.rmeyersl.com\/Vitoirmen\/industria\/vitoflex-cm-l\/\",\"name\":\"VITOFLEX CM-L - Vito de R.Meyer\",\"isPartOf\":{\"@id\":\"http:\/\/www.rmeyersl.com\/Vitoirmen\/#website\"},\"datePublished\":\"2022-10-31T13:42:22+00:00\",\"dateModified\":\"2022-11-08T13:45:45+00:00\",\"breadcrumb\":{\"@id\":\"https:\/\/www.rmeyersl.com\/Vitoirmen\/industria\/vitoflex-cm-l\/#breadcrumb\"},\"inLanguage\":\"es\",\"potentialAction\":[{\"@type\":\"ReadAction\",\"target\":[\"https:\/\/www.rmeyersl.com\/Vitoirmen\/industria\/vitoflex-cm-l\/\"]}]},{\"@type\":\"BreadcrumbList\",\"@id\":\"https:\/\/www.rmeyersl.com\/Vitoirmen\/industria\/vitoflex-cm-l\/#breadcrumb\",\"itemListElement\":[{\"@type\":\"ListItem\",\"position\":1,\"name\":\"Portada\",\"item\":\"http:\/\/www.rmeyersl.com\/Vitoirmen\/\"},{\"@type\":\"ListItem\",\"position\":2,\"name\":\"Industria\",\"item\":\"https:\/\/www.rmeyersl.com\/Vitoirmen\/industria\/\"},{\"@type\":\"ListItem\",\"position\":3,\"name\":\"VITOFLEX CM-L\"}]},{\"@type\":\"WebSite\",\"@id\":\"http:\/\/www.rmeyersl.com\/Vitoirmen\/#website\",\"url\":\"http:\/\/www.rmeyersl.com\/Vitoirmen\/\",\"name\":\"Vito de R.Meyer\",\"description\":\"Encuentra productos VITO para los sectores de energ\u00edas renovables, construcci\u00f3n, industria, automoci\u00f3n, medicina y vidrio\",\"potentialAction\":[{\"@type\":\"SearchAction\",\"target\":{\"@type\":\"EntryPoint\",\"urlTemplate\":\"http:\/\/www.rmeyersl.com\/Vitoirmen\/?s={search_term_string}\"},\"query-input\":\"required name=search_term_string\"}],\"inLanguage\":\"es\"}]}<\/script>\n<!-- \/ Yoast SEO plugin. -->","yoast_head_json":{"title":"VITOFLEX CM-L - Vito de R.Meyer","robots":{"index":"index","follow":"follow","max-snippet":"max-snippet:-1","max-image-preview":"max-image-preview:large","max-video-preview":"max-video-preview:-1"},"canonical":"https:\/\/www.rmeyersl.com\/Vitoirmen\/industria\/vitoflex-cm-l\/","og_locale":"es_ES","og_type":"article","og_title":"VITOFLEX CM-L - Vito de R.Meyer","og_url":"https:\/\/www.rmeyersl.com\/Vitoirmen\/industria\/vitoflex-cm-l\/","og_site_name":"Vito de R.Meyer","article_modified_time":"2022-11-08T13:45:45+00:00","og_image":[{"url":"http:\/\/vito.ddev.site\/wp-content\/uploads\/2022\/11\/Aplicacion-Vitoflex-2-300x300.jpeg"}],"twitter_card":"summary_large_image","twitter_misc":{"Tiempo de lectura":"11 minutos"},"schema":{"@context":"https:\/\/schema.org","@graph":[{"@type":"WebPage","@id":"https:\/\/www.rmeyersl.com\/Vitoirmen\/industria\/vitoflex-cm-l\/","url":"https:\/\/www.rmeyersl.com\/Vitoirmen\/industria\/vitoflex-cm-l\/","name":"VITOFLEX CM-L - Vito de R.Meyer","isPartOf":{"@id":"http:\/\/www.rmeyersl.com\/Vitoirmen\/#website"},"datePublished":"2022-10-31T13:42:22+00:00","dateModified":"2022-11-08T13:45:45+00:00","breadcrumb":{"@id":"https:\/\/www.rmeyersl.com\/Vitoirmen\/industria\/vitoflex-cm-l\/#breadcrumb"},"inLanguage":"es","potentialAction":[{"@type":"ReadAction","target":["https:\/\/www.rmeyersl.com\/Vitoirmen\/industria\/vitoflex-cm-l\/"]}]},{"@type":"BreadcrumbList","@id":"https:\/\/www.rmeyersl.com\/Vitoirmen\/industria\/vitoflex-cm-l\/#breadcrumb","itemListElement":[{"@type":"ListItem","position":1,"name":"Portada","item":"http:\/\/www.rmeyersl.com\/Vitoirmen\/"},{"@type":"ListItem","position":2,"name":"Industria","item":"https:\/\/www.rmeyersl.com\/Vitoirmen\/industria\/"},{"@type":"ListItem","position":3,"name":"VITOFLEX CM-L"}]},{"@type":"WebSite","@id":"http:\/\/www.rmeyersl.com\/Vitoirmen\/#website","url":"http:\/\/www.rmeyersl.com\/Vitoirmen\/","name":"Vito de R.Meyer","description":"Encuentra productos VITO para los sectores de energ\u00edas renovables, construcci\u00f3n, industria, automoci\u00f3n, medicina y vidrio","potentialAction":[{"@type":"SearchAction","target":{"@type":"EntryPoint","urlTemplate":"http:\/\/www.rmeyersl.com\/Vitoirmen\/?s={search_term_string}"},"query-input":"required name=search_term_string"}],"inLanguage":"es"}]}},"_links":{"self":[{"href":"https:\/\/www.rmeyersl.com\/Vitoirmen\/wp-json\/wp\/v2\/pages\/399","targetHints":{"allow":["GET"]}}],"collection":[{"href":"https:\/\/www.rmeyersl.com\/Vitoirmen\/wp-json\/wp\/v2\/pages"}],"about":[{"href":"https:\/\/www.rmeyersl.com\/Vitoirmen\/wp-json\/wp\/v2\/types\/page"}],"author":[{"embeddable":true,"href":"https:\/\/www.rmeyersl.com\/Vitoirmen\/wp-json\/wp\/v2\/users\/1"}],"replies":[{"embeddable":true,"href":"https:\/\/www.rmeyersl.com\/Vitoirmen\/wp-json\/wp\/v2\/comments?post=399"}],"version-history":[{"count":6,"href":"https:\/\/www.rmeyersl.com\/Vitoirmen\/wp-json\/wp\/v2\/pages\/399\/revisions"}],"predecessor-version":[{"id":957,"href":"https:\/\/www.rmeyersl.com\/Vitoirmen\/wp-json\/wp\/v2\/pages\/399\/revisions\/957"}],"up":[{"embeddable":true,"href":"https:\/\/www.rmeyersl.com\/Vitoirmen\/wp-json\/wp\/v2\/pages\/253"}],"wp:attachment":[{"href":"https:\/\/www.rmeyersl.com\/Vitoirmen\/wp-json\/wp\/v2\/media?parent=399"}],"curies":[{"name":"wp","href":"https:\/\/api.w.org\/{rel}","templated":true}]}}