{"id":1246,"date":"2022-11-24T10:05:23","date_gmt":"2022-11-24T10:05:23","guid":{"rendered":"https:\/\/www.rmeyersl.com\/Vitoirmen\/?page_id=1246"},"modified":"2022-11-25T10:09:06","modified_gmt":"2022-11-25T10:09:06","slug":"vitoflex-cm-l","status":"publish","type":"page","link":"https:\/\/www.rmeyersl.com\/Vitoirmen\/vidrio\/vitoflex-cm-l\/","title":{"rendered":"VITOFLEX CM-L Vidrio"},"content":{"rendered":"<div id='av_section_1'  class='avia-section av-va7r-71433b3d999e54bef553cba754edae0c main_color avia-section-default avia-no-border-styling  avia-builder-el-0  el_before_av_section  avia-builder-el-first  avia-bg-style-scroll container_wrap sidebar_right'  ><div class='container av-section-cont-open' ><main  role=\"main\" itemprop=\"mainContentOfPage\"  class='template-page content  av-content-small alpha units'><div class='post-entry post-entry-type-page post-entry-1246'><div class='entry-content-wrapper clearfix'>\n\n<style type=\"text\/css\" data-created_by=\"avia_inline_auto\" id=\"style-css-av-la43gsuz-a9b0bea91e8632ab7e35075a195bc88a\">\n#top .av-special-heading.av-la43gsuz-a9b0bea91e8632ab7e35075a195bc88a{\npadding-bottom:30px;\n}\nbody .av-special-heading.av-la43gsuz-a9b0bea91e8632ab7e35075a195bc88a .av-special-heading-tag .heading-char{\nfont-size:25px;\n}\n.av-special-heading.av-la43gsuz-a9b0bea91e8632ab7e35075a195bc88a .av-subheading{\nfont-size:15px;\n}\n<\/style>\n<div  class='av-special-heading av-la43gsuz-a9b0bea91e8632ab7e35075a195bc88a av-special-heading-h2 blockquote modern-quote modern-centered  avia-builder-el-1  el_before_av_three_fifth  avia-builder-el-first '><h2 class='av-special-heading-tag'  itemprop=\"headline\"  >VITOFLEX Cintas autoadhesivas de una cara de EPDM o de neopreno<\/h2><div class=\"special-heading-border\"><div class=\"special-heading-inner-border\"><\/div><\/div><\/div>\n<div class='flex_column av-pf113-aebf6b43f10617dbf3062f15cfb0dc29 av_three_fifth  avia-builder-el-2  el_after_av_heading  el_before_av_two_fifth  first flex_column_div '     ><p>\n<style type=\"text\/css\" data-created_by=\"avia_inline_auto\" id=\"style-css-av-la1cm1zk-d58983ee543231152656c3ec94f9f3f0\">\n#top .av-special-heading.av-la1cm1zk-d58983ee543231152656c3ec94f9f3f0{\npadding-bottom:20px;\n}\nbody .av-special-heading.av-la1cm1zk-d58983ee543231152656c3ec94f9f3f0 .av-special-heading-tag .heading-char{\nfont-size:25px;\n}\n.av-special-heading.av-la1cm1zk-d58983ee543231152656c3ec94f9f3f0 .av-subheading{\nfont-size:15px;\n}\n<\/style>\n<div  class='av-special-heading av-la1cm1zk-d58983ee543231152656c3ec94f9f3f0 av-special-heading-h2 blockquote modern-quote  avia-builder-el-3  el_before_av_textblock  avia-builder-el-first '><h2 class='av-special-heading-tag'  itemprop=\"headline\"  >VITOFLEX CM-L<\/h2><div class=\"special-heading-border\"><div class=\"special-heading-inner-border\"><\/div><\/div><\/div><br \/>\n<section  class='av_textblock_section av-la1cmf6i-b478ed2429486294b7c91e5007528881'  itemscope=\"itemscope\" itemtype=\"https:\/\/schema.org\/CreativeWork\" ><div class='avia_textblock'  itemprop=\"text\" ><p><strong>Aplicaci\u00f3n:<\/strong><\/p>\n<table style=\"border: 0px;\">\n<tbody>\n<tr>\n<td style=\"border: 0px;\"><img loading=\"lazy\" decoding=\"async\" class=\"alignnone size-medium wp-image-812\" src=\"http:\/\/vito.ddev.site\/wp-content\/uploads\/2022\/11\/Aplicacion-Vitoflex-2-300x300.jpeg\" alt=\"\" width=\"250\" height=\"250\" srcset=\"https:\/\/www.rmeyersl.com\/Vitoirmen\/wp-content\/uploads\/2022\/11\/Aplicacion-Vitoflex-2-300x300.jpeg 300w, https:\/\/www.rmeyersl.com\/Vitoirmen\/wp-content\/uploads\/2022\/11\/Aplicacion-Vitoflex-2-1025x1030.jpeg 1025w, https:\/\/www.rmeyersl.com\/Vitoirmen\/wp-content\/uploads\/2022\/11\/Aplicacion-Vitoflex-2-80x80.jpeg 80w, https:\/\/www.rmeyersl.com\/Vitoirmen\/wp-content\/uploads\/2022\/11\/Aplicacion-Vitoflex-2-768x771.jpeg 768w, https:\/\/www.rmeyersl.com\/Vitoirmen\/wp-content\/uploads\/2022\/11\/Aplicacion-Vitoflex-2-1529x1536.jpeg 1529w, https:\/\/www.rmeyersl.com\/Vitoirmen\/wp-content\/uploads\/2022\/11\/Aplicacion-Vitoflex-2-2039x2048.jpeg 2039w, https:\/\/www.rmeyersl.com\/Vitoirmen\/wp-content\/uploads\/2022\/11\/Aplicacion-Vitoflex-2-36x36.jpeg 36w, https:\/\/www.rmeyersl.com\/Vitoirmen\/wp-content\/uploads\/2022\/11\/Aplicacion-Vitoflex-2-180x180.jpeg 180w, https:\/\/www.rmeyersl.com\/Vitoirmen\/wp-content\/uploads\/2022\/11\/Aplicacion-Vitoflex-2-1493x1500.jpeg 1493w, https:\/\/www.rmeyersl.com\/Vitoirmen\/wp-content\/uploads\/2022\/11\/Aplicacion-Vitoflex-2-702x705.jpeg 702w\" sizes=\"auto, (max-width: 250px) 100vw, 250px\" \/><\/td>\n<td style=\"border: 0px;\"><\/td>\n<\/tr>\n<\/tbody>\n<\/table>\n<p>Almohadillas espaciadoras hechas de celular caucho, ligeramente adhesivo<\/p>\n<ul>\n<li>l\u00edmite de carga media<\/li>\n<li>superficie antideslizante<\/li>\n<li>alta absorci\u00f3n de impactos<\/li>\n<\/ul>\n<p>El caucho celular tiene una buena resiliencia. El adhesivo permite una f\u00e1cil extracci\u00f3n de la almohadilla.<\/p>\n<p><strong>Dimensiones de las piezas estampadas<\/strong>: 30&#215;30 cuadrado \/ 40&#215;40 cuadrado<\/p>\n<p><strong>Espesor:<\/strong> 7 y 10 mm<\/p>\n<\/div><\/section><\/p><\/div><div class='flex_column av-jbulj-e9f4a9b44a17d0a6cea633ac8b30c881 av_two_fifth  avia-builder-el-5  el_after_av_three_fifth  el_before_av_button  flex_column_div '     ><style type=\"text\/css\" data-created_by=\"avia_inline_auto\" id=\"style-css-av-la6wb3x6-10cac3740acd405f4fa5fc03b4c561b7\">\n.avia-image-container.av-la6wb3x6-10cac3740acd405f4fa5fc03b4c561b7 img.avia_image{\nbox-shadow:none;\n}\n.avia-image-container.av-la6wb3x6-10cac3740acd405f4fa5fc03b4c561b7 .av-image-caption-overlay-center{\ncolor:#ffffff;\n}\n<\/style>\n<div  class='avia-image-container av-la6wb3x6-10cac3740acd405f4fa5fc03b4c561b7 av-styling- avia-align-center  avia-builder-el-6  avia-builder-el-no-sibling '   itemprop=\"image\" itemscope=\"itemscope\" itemtype=\"https:\/\/schema.org\/ImageObject\" ><div class=\"avia-image-container-inner\"><div class=\"avia-image-overlay-wrap\"><img decoding=\"async\" class='wp-image-607 avia-img-lazy-loading-not-607 avia_image ' src=\"https:\/\/www.rmeyersl.com\/Vitoirmen\/wp-content\/uploads\/2022\/11\/Cinta-autoadhesiva-de-una-cara-de-EPDM-Vitoflex_CM-L-300-300x300.jpg\" alt='' title='Cinta autoadhesiva de una cara de EPDM Vitoflex_CM-L-300'  height=\"300\" width=\"300\"  itemprop=\"thumbnailUrl\" srcset=\"https:\/\/www.rmeyersl.com\/Vitoirmen\/wp-content\/uploads\/2022\/11\/Cinta-autoadhesiva-de-una-cara-de-EPDM-Vitoflex_CM-L-300.jpg 300w, https:\/\/www.rmeyersl.com\/Vitoirmen\/wp-content\/uploads\/2022\/11\/Cinta-autoadhesiva-de-una-cara-de-EPDM-Vitoflex_CM-L-300-80x80.jpg 80w, https:\/\/www.rmeyersl.com\/Vitoirmen\/wp-content\/uploads\/2022\/11\/Cinta-autoadhesiva-de-una-cara-de-EPDM-Vitoflex_CM-L-300-36x36.jpg 36w, https:\/\/www.rmeyersl.com\/Vitoirmen\/wp-content\/uploads\/2022\/11\/Cinta-autoadhesiva-de-una-cara-de-EPDM-Vitoflex_CM-L-300-180x180.jpg 180w\" sizes=\"(max-width: 300px) 100vw, 300px\" \/><\/div><\/div><\/div><\/div><div  class='avia-button-wrap av-la1cs6bq-a1ba9ad41e9ebe02ef62e33c8f39e7a1-wrap avia-button-center  avia-builder-el-7  el_after_av_two_fifth  avia-builder-el-last '><a href='https:\/\/www.vito-irmen.de\/produkte\/industrie\/vitoflex-cm-l\/?lang=en' class='avia-button av-la1cs6bq-a1ba9ad41e9ebe02ef62e33c8f39e7a1 avia-icon_select-no avia-size-large avia-position-center avia-color-theme-color' target=\"_blank\" rel=\"noopener noreferrer\"><span class='avia_iconbox_title' >M\u00e1s informaci\u00f3n<\/span><\/a><\/div>\n<\/div><\/div><\/main><!-- close content main element --><\/div><\/div><div id='av_section_2'  class='avia-section av-oc7r-c6f7610ca5bba9db4e1560e232f87144 main_color avia-section-default avia-no-border-styling  avia-builder-el-8  el_after_av_section  avia-builder-el-last  avia-bg-style-scroll container_wrap sidebar_right'  ><div class='container av-section-cont-open' ><div class='template-page content  av-content-small alpha units'><div class='post-entry post-entry-type-page post-entry-1246'><div class='entry-content-wrapper clearfix'>\n<div class='flex_column av-hdiyn-9c51f731b31549ae5a9aed87b60906bf av_three_fifth  avia-builder-el-9  el_before_av_two_fifth  avia-builder-el-first  first flex_column_div '     ><p>\n<style type=\"text\/css\" data-created_by=\"avia_inline_auto\" id=\"style-css-av-la2af6bb-9cfc53a56fa3c4c4b08bc52d464c2fbc\">\n#top .av-special-heading.av-la2af6bb-9cfc53a56fa3c4c4b08bc52d464c2fbc{\npadding-bottom:10px;\n}\nbody .av-special-heading.av-la2af6bb-9cfc53a56fa3c4c4b08bc52d464c2fbc .av-special-heading-tag .heading-char{\nfont-size:25px;\n}\n.av-special-heading.av-la2af6bb-9cfc53a56fa3c4c4b08bc52d464c2fbc .av-subheading{\nfont-size:15px;\n}\n<\/style>\n<div  class='av-special-heading av-la2af6bb-9cfc53a56fa3c4c4b08bc52d464c2fbc av-special-heading-h2 blockquote modern-quote  avia-builder-el-10  el_before_av_textblock  avia-builder-el-first '><h2 class='av-special-heading-tag'  itemprop=\"headline\"  >VITOFLEX NF150<\/h2><div class=\"special-heading-border\"><div class=\"special-heading-inner-border\"><\/div><\/div><\/div><br \/>\n<section  class='av_textblock_section av-la2aeumk-78d70868a9dde249354fbc2152529bf4'  itemscope=\"itemscope\" itemtype=\"https:\/\/schema.org\/CreativeWork\" ><div class='avia_textblock'  itemprop=\"text\" ><p><span style=\"font-weight: 400;\">Cinta de caucho celular con c\u00e9lulas cerradas a base de neopreno puro (densidad 200+\/- 10 kg. m3). Esta calidad se distingue por una resistencia elevada al calor y al aceite. Sector industria. <\/span><\/p>\n<\/div><\/section><\/p><\/div><div class='flex_column av-95f8n-10b304cd76d69127878f061a1eeeca2a av_two_fifth  avia-builder-el-12  el_after_av_three_fifth  avia-builder-el-last  flex_column_div '     ><style type=\"text\/css\" data-created_by=\"avia_inline_auto\" id=\"style-css-av-la6we6nu-1c1cdd5ee047ca31d74a8b26c12ef969\">\n.avia-image-container.av-la6we6nu-1c1cdd5ee047ca31d74a8b26c12ef969 img.avia_image{\nbox-shadow:none;\n}\n.avia-image-container.av-la6we6nu-1c1cdd5ee047ca31d74a8b26c12ef969 .av-image-caption-overlay-center{\ncolor:#ffffff;\n}\n<\/style>\n<div  class='avia-image-container av-la6we6nu-1c1cdd5ee047ca31d74a8b26c12ef969 av-styling- avia-align-center  avia-builder-el-13  avia-builder-el-no-sibling '   itemprop=\"image\" itemscope=\"itemscope\" itemtype=\"https:\/\/schema.org\/ImageObject\" ><div class=\"avia-image-container-inner\"><div class=\"avia-image-overlay-wrap\"><img decoding=\"async\" class='wp-image-807 avia-img-lazy-loading-not-807 avia_image ' src=\"https:\/\/www.rmeyersl.com\/Vitoirmen\/wp-content\/uploads\/2022\/11\/VITOFLEX-NF-150-ohne-Pfeile-landscape-300.jpeg\" alt='' title='VITOFLEX-NF-150-ohne-Pfeile-landscape-300'  height=\"210\" width=\"300\"  itemprop=\"thumbnailUrl\"  \/><\/div><\/div><\/div><\/div>\n<\/div><\/div><\/div><!-- close content main div --><\/div><\/div><div id='after_section_2'  class='main_color av_default_container_wrap container_wrap sidebar_right'  ><div class='container av-section-cont-open' ><div class='template-page content  av-content-small alpha units'><div class='post-entry post-entry-type-page post-entry-1246'><div class='entry-content-wrapper clearfix'><\/p>\n","protected":false},"excerpt":{"rendered":"","protected":false},"author":1,"featured_media":0,"parent":257,"menu_order":0,"comment_status":"closed","ping_status":"closed","template":"","meta":{"footnotes":""},"class_list":["post-1246","page","type-page","status-publish","hentry"],"yoast_head":"<!-- This site is optimized with the Yoast SEO plugin v19.10 - https:\/\/yoast.com\/wordpress\/plugins\/seo\/ -->\n<title>VITOFLEX CM-L Vidrio - Vito de R.Meyer<\/title>\n<meta name=\"robots\" content=\"index, follow, max-snippet:-1, max-image-preview:large, max-video-preview:-1\" \/>\n<link rel=\"canonical\" href=\"https:\/\/www.rmeyersl.com\/Vitoirmen\/vidrio\/vitoflex-cm-l\/\" \/>\n<meta property=\"og:locale\" content=\"es_ES\" \/>\n<meta property=\"og:type\" content=\"article\" \/>\n<meta property=\"og:title\" content=\"VITOFLEX CM-L Vidrio - Vito de R.Meyer\" \/>\n<meta property=\"og:url\" content=\"https:\/\/www.rmeyersl.com\/Vitoirmen\/vidrio\/vitoflex-cm-l\/\" \/>\n<meta property=\"og:site_name\" content=\"Vito de R.Meyer\" \/>\n<meta property=\"article:modified_time\" content=\"2022-11-25T10:09:06+00:00\" \/>\n<meta property=\"og:image\" content=\"http:\/\/vito.ddev.site\/wp-content\/uploads\/2022\/11\/Aplicacion-Vitoflex-2-300x300.jpeg\" \/>\n<meta name=\"twitter:card\" content=\"summary_large_image\" \/>\n<meta name=\"twitter:label1\" content=\"Tiempo de lectura\" \/>\n\t<meta name=\"twitter:data1\" content=\"6 minutos\" \/>\n<script type=\"application\/ld+json\" class=\"yoast-schema-graph\">{\"@context\":\"https:\/\/schema.org\",\"@graph\":[{\"@type\":\"WebPage\",\"@id\":\"https:\/\/www.rmeyersl.com\/Vitoirmen\/vidrio\/vitoflex-cm-l\/\",\"url\":\"https:\/\/www.rmeyersl.com\/Vitoirmen\/vidrio\/vitoflex-cm-l\/\",\"name\":\"VITOFLEX CM-L Vidrio - Vito de R.Meyer\",\"isPartOf\":{\"@id\":\"http:\/\/www.rmeyersl.com\/Vitoirmen\/#website\"},\"datePublished\":\"2022-11-24T10:05:23+00:00\",\"dateModified\":\"2022-11-25T10:09:06+00:00\",\"breadcrumb\":{\"@id\":\"https:\/\/www.rmeyersl.com\/Vitoirmen\/vidrio\/vitoflex-cm-l\/#breadcrumb\"},\"inLanguage\":\"es\",\"potentialAction\":[{\"@type\":\"ReadAction\",\"target\":[\"https:\/\/www.rmeyersl.com\/Vitoirmen\/vidrio\/vitoflex-cm-l\/\"]}]},{\"@type\":\"BreadcrumbList\",\"@id\":\"https:\/\/www.rmeyersl.com\/Vitoirmen\/vidrio\/vitoflex-cm-l\/#breadcrumb\",\"itemListElement\":[{\"@type\":\"ListItem\",\"position\":1,\"name\":\"Portada\",\"item\":\"http:\/\/www.rmeyersl.com\/Vitoirmen\/\"},{\"@type\":\"ListItem\",\"position\":2,\"name\":\"Vidrio\",\"item\":\"https:\/\/www.rmeyersl.com\/Vitoirmen\/vidrio\/\"},{\"@type\":\"ListItem\",\"position\":3,\"name\":\"VITOFLEX CM-L Vidrio\"}]},{\"@type\":\"WebSite\",\"@id\":\"http:\/\/www.rmeyersl.com\/Vitoirmen\/#website\",\"url\":\"http:\/\/www.rmeyersl.com\/Vitoirmen\/\",\"name\":\"Vito de R.Meyer\",\"description\":\"Encuentra productos VITO para los sectores de energ\u00edas renovables, construcci\u00f3n, industria, automoci\u00f3n, medicina y vidrio\",\"potentialAction\":[{\"@type\":\"SearchAction\",\"target\":{\"@type\":\"EntryPoint\",\"urlTemplate\":\"http:\/\/www.rmeyersl.com\/Vitoirmen\/?s={search_term_string}\"},\"query-input\":\"required name=search_term_string\"}],\"inLanguage\":\"es\"}]}<\/script>\n<!-- \/ Yoast SEO plugin. -->","yoast_head_json":{"title":"VITOFLEX CM-L Vidrio - Vito de R.Meyer","robots":{"index":"index","follow":"follow","max-snippet":"max-snippet:-1","max-image-preview":"max-image-preview:large","max-video-preview":"max-video-preview:-1"},"canonical":"https:\/\/www.rmeyersl.com\/Vitoirmen\/vidrio\/vitoflex-cm-l\/","og_locale":"es_ES","og_type":"article","og_title":"VITOFLEX CM-L Vidrio - Vito de R.Meyer","og_url":"https:\/\/www.rmeyersl.com\/Vitoirmen\/vidrio\/vitoflex-cm-l\/","og_site_name":"Vito de R.Meyer","article_modified_time":"2022-11-25T10:09:06+00:00","og_image":[{"url":"http:\/\/vito.ddev.site\/wp-content\/uploads\/2022\/11\/Aplicacion-Vitoflex-2-300x300.jpeg"}],"twitter_card":"summary_large_image","twitter_misc":{"Tiempo de lectura":"6 minutos"},"schema":{"@context":"https:\/\/schema.org","@graph":[{"@type":"WebPage","@id":"https:\/\/www.rmeyersl.com\/Vitoirmen\/vidrio\/vitoflex-cm-l\/","url":"https:\/\/www.rmeyersl.com\/Vitoirmen\/vidrio\/vitoflex-cm-l\/","name":"VITOFLEX CM-L Vidrio - Vito de R.Meyer","isPartOf":{"@id":"http:\/\/www.rmeyersl.com\/Vitoirmen\/#website"},"datePublished":"2022-11-24T10:05:23+00:00","dateModified":"2022-11-25T10:09:06+00:00","breadcrumb":{"@id":"https:\/\/www.rmeyersl.com\/Vitoirmen\/vidrio\/vitoflex-cm-l\/#breadcrumb"},"inLanguage":"es","potentialAction":[{"@type":"ReadAction","target":["https:\/\/www.rmeyersl.com\/Vitoirmen\/vidrio\/vitoflex-cm-l\/"]}]},{"@type":"BreadcrumbList","@id":"https:\/\/www.rmeyersl.com\/Vitoirmen\/vidrio\/vitoflex-cm-l\/#breadcrumb","itemListElement":[{"@type":"ListItem","position":1,"name":"Portada","item":"http:\/\/www.rmeyersl.com\/Vitoirmen\/"},{"@type":"ListItem","position":2,"name":"Vidrio","item":"https:\/\/www.rmeyersl.com\/Vitoirmen\/vidrio\/"},{"@type":"ListItem","position":3,"name":"VITOFLEX CM-L Vidrio"}]},{"@type":"WebSite","@id":"http:\/\/www.rmeyersl.com\/Vitoirmen\/#website","url":"http:\/\/www.rmeyersl.com\/Vitoirmen\/","name":"Vito de R.Meyer","description":"Encuentra productos VITO para los sectores de energ\u00edas renovables, construcci\u00f3n, industria, automoci\u00f3n, medicina y vidrio","potentialAction":[{"@type":"SearchAction","target":{"@type":"EntryPoint","urlTemplate":"http:\/\/www.rmeyersl.com\/Vitoirmen\/?s={search_term_string}"},"query-input":"required name=search_term_string"}],"inLanguage":"es"}]}},"_links":{"self":[{"href":"https:\/\/www.rmeyersl.com\/Vitoirmen\/wp-json\/wp\/v2\/pages\/1246","targetHints":{"allow":["GET"]}}],"collection":[{"href":"https:\/\/www.rmeyersl.com\/Vitoirmen\/wp-json\/wp\/v2\/pages"}],"about":[{"href":"https:\/\/www.rmeyersl.com\/Vitoirmen\/wp-json\/wp\/v2\/types\/page"}],"author":[{"embeddable":true,"href":"https:\/\/www.rmeyersl.com\/Vitoirmen\/wp-json\/wp\/v2\/users\/1"}],"replies":[{"embeddable":true,"href":"https:\/\/www.rmeyersl.com\/Vitoirmen\/wp-json\/wp\/v2\/comments?post=1246"}],"version-history":[{"count":11,"href":"https:\/\/www.rmeyersl.com\/Vitoirmen\/wp-json\/wp\/v2\/pages\/1246\/revisions"}],"predecessor-version":[{"id":1348,"href":"https:\/\/www.rmeyersl.com\/Vitoirmen\/wp-json\/wp\/v2\/pages\/1246\/revisions\/1348"}],"up":[{"embeddable":true,"href":"https:\/\/www.rmeyersl.com\/Vitoirmen\/wp-json\/wp\/v2\/pages\/257"}],"wp:attachment":[{"href":"https:\/\/www.rmeyersl.com\/Vitoirmen\/wp-json\/wp\/v2\/media?parent=1246"}],"curies":[{"name":"wp","href":"https:\/\/api.w.org\/{rel}","templated":true}]}}